{"id":4851,"date":"2025-08-28T11:31:18","date_gmt":"2025-08-28T09:31:18","guid":{"rendered":"https:\/\/immomeier.lu\/?post_type=estate&#038;p=4851"},"modified":"2026-04-28T09:45:23","modified_gmt":"2026-04-28T07:45:23","slug":"charmant-duplex-a-mertert","status":"publish","type":"estate","link":"https:\/\/immomeier.lu\/fr\/properties\/duplex\/sold\/charming-duplex-apartment-in-mertert\/","title":{"rendered":"Charmant appartement en duplex \u00e0 Mertert"},"content":{"rendered":"<h3 data-start=\"95\" data-end=\"187\"><strong data-start=\"95\" data-end=\"187\">Charmant appartement en duplex avec vue sur la Moselle \u00e0 Mertert - Situation tranquille et confort moderne<\/strong><\/h3>\n<p data-start=\"189\" data-end=\"482\">Nous avons le plaisir de vous proposer cette maison bien entretenue. <strong data-start=\"238\" data-end=\"258\">appartement en duplex<\/strong> avec environ <strong data-start=\"278\" data-end=\"303\">78 m\u00b2 de surface habitable<\/strong> dans la communaut\u00e9 recherch\u00e9e et paisible de <strong data-start=\"350\" data-end=\"361\">Mertert<\/strong>. Construit en 2015, ce complexe r\u00e9sidentiel moderne b\u00e9n\u00e9ficie d'un agencement bien pens\u00e9 et d'une superbe vue sur la mer. <strong data-start=\"452\" data-end=\"481\">vue sur la Moselle<\/strong>.<\/p>\n<h4 data-start=\"484\" data-end=\"512\"><strong data-start=\"488\" data-end=\"512\">Points forts de la propri\u00e9t\u00e9 :<\/strong><\/h4>\n<ul data-start=\"513\" data-end=\"720\">\n<li data-start=\"513\" data-end=\"543\">\n<p data-start=\"515\" data-end=\"543\">Environ 78 m\u00b2 de surface habitable<\/p>\n<\/li>\n<li data-start=\"580\" data-end=\"594\">\n<p data-start=\"582\" data-end=\"594\">2 chambres<\/p>\n<\/li>\n<li data-start=\"595\" data-end=\"638\">\n<p data-start=\"597\" data-end=\"638\">Terrasse avec vue imprenable sur la Moselle<\/p>\n<\/li>\n<li data-start=\"639\" data-end=\"665\">\n<p data-start=\"641\" data-end=\"665\"><strong data-start=\"641\" data-end=\"663\">Deux places de parking<\/strong><\/p>\n<\/li>\n<li data-start=\"666\" data-end=\"689\">\n<p data-start=\"668\" data-end=\"689\">Excellent \u00e9tat<\/p>\n<\/li>\n<li data-start=\"690\" data-end=\"720\">\n<p data-start=\"692\" data-end=\"720\">Environnement calme et verdoyant<\/p>\n<\/li>\n<\/ul>\n<h4 data-start=\"722\" data-end=\"737\"><strong data-start=\"726\" data-end=\"737\">Mise en page :<\/strong><\/h4>\n<p data-start=\"739\" data-end=\"787\"><strong data-start=\"739\" data-end=\"785\">Rez-de-chauss\u00e9e (acc\u00e8s par une entr\u00e9e commune) :<\/strong><\/p>\n<ul data-start=\"788\" data-end=\"848\">\n<li data-start=\"788\" data-end=\"848\">\n<p data-start=\"790\" data-end=\"848\">Entr\u00e9e priv\u00e9e avec escalier menant au premier \u00e9tage<\/p>\n<\/li>\n<\/ul>\n<p data-start=\"850\" data-end=\"868\"><strong data-start=\"850\" data-end=\"866\">Premier \u00e9tage :<\/strong><\/p>\n<ul data-start=\"869\" data-end=\"934\">\n<li data-start=\"869\" data-end=\"912\">\n<p data-start=\"871\" data-end=\"912\">Chambre principale spacieuse (environ 13 m\u00b2)<\/p>\n<\/li>\n<li data-start=\"913\" data-end=\"934\">\n<p data-start=\"915\" data-end=\"934\">Pi\u00e8ce de rangement utile<\/p>\n<\/li>\n<\/ul>\n<p data-start=\"936\" data-end=\"955\"><strong data-start=\"936\" data-end=\"953\">Deuxi\u00e8me \u00e9tage :<\/strong><\/p>\n<ul data-start=\"956\" data-end=\"1164\">\n<li data-start=\"956\" data-end=\"1042\">\n<p data-start=\"958\" data-end=\"1042\">Salon et salle \u00e0 manger ouverts et lumineux avec cuisine \u00e9quip\u00e9e moderne (environ 28 m\u00b2)<\/p>\n<\/li>\n<li data-start=\"1043\" data-end=\"1102\">\n<p data-start=\"1045\" data-end=\"1102\">L'acc\u00e8s \u00e0 la <strong data-start=\"1059\" data-end=\"1076\">terrasse ensoleill\u00e9e<\/strong> surplombant la Moselle<\/p>\n<\/li>\n<li data-start=\"1103\" data-end=\"1130\">\n<p data-start=\"1105\" data-end=\"1130\">Chambre \u00e0 coucher (environ 13 m\u00b2)<\/p>\n<\/li>\n<li data-start=\"1131\" data-end=\"1146\">\n<p data-start=\"1133\" data-end=\"1146\">Salle de douche<\/p>\n<\/li>\n<li data-start=\"1147\" data-end=\"1164\">\n<p data-start=\"1149\" data-end=\"1164\">Toilettes s\u00e9par\u00e9es<\/p>\n<\/li>\n<\/ul>\n<h4 data-start=\"1166\" data-end=\"1194\"><strong data-start=\"1170\" data-end=\"1194\">Caract\u00e9ristiques suppl\u00e9mentaires :<\/strong><\/h4>\n<ul data-start=\"1195\" data-end=\"1423\">\n<li data-start=\"1195\" data-end=\"1243\">\n<p data-start=\"1197\" data-end=\"1243\"><strong data-start=\"1197\" data-end=\"1219\">Chauffage par le sol<\/strong> (chauffage central au gaz)<\/p>\n<\/li>\n<li data-start=\"1244\" data-end=\"1276\">\n<p data-start=\"1246\" data-end=\"1276\"><strong data-start=\"1246\" data-end=\"1274\">Volets roulants \u00e9lectriques<\/strong><\/p>\n<\/li>\n<li data-start=\"1277\" data-end=\"1320\">\n<p data-start=\"1279\" data-end=\"1320\"><strong data-start=\"1279\" data-end=\"1294\">Grenier<\/strong> utilisable comme espace de stockage suppl\u00e9mentaire<\/p>\n<\/li>\n<li data-start=\"1321\" data-end=\"1374\">\n<p data-start=\"1323\" data-end=\"1374\">Deux <strong data-start=\"1327\" data-end=\"1345\">places de parking<\/strong> \u00e0 l'arri\u00e8re du complexe<\/p>\n<\/li>\n<li data-start=\"1375\" data-end=\"1423\">\n<p data-start=\"1377\" data-end=\"1423\">Environnement r\u00e9sidentiel calme et bien entretenu<\/p>\n<\/li>\n<\/ul>\n<h4 data-start=\"1425\" data-end=\"1452\"><strong data-start=\"1429\" data-end=\"1452\">Excellente situation :<\/strong><\/h4>\n<p data-start=\"1453\" data-end=\"1712\">L'appartement b\u00e9n\u00e9ficie d'un emplacement id\u00e9al \u00e0 proximit\u00e9 de toutes les commodit\u00e9s telles que les magasins, les transports publics (bus et train) et les autoroutes. Profitez de la tranquillit\u00e9 d'un cadre magnifique au bord de la rivi\u00e8re tout en \u00e9tant bien desservi - parfait pour les navetteurs et les amoureux de la nature.<\/p>\n<p data-start=\"1453\" data-end=\"1712\"><br data-start=\"1799\" data-end=\"1802\" \/><strong>Ce bel appartement est pr\u00eat \u00e0 devenir votre nouveau chez-vous !<\/strong><\/p>","protected":false},"excerpt":{"rendered":"<p>Charming Duplex Apartment with Moselle View in Mertert \u2013 Quiet Location &amp; Modern Comfort We are pleased to offer you this well-maintained duplex apartment with approximately 78 m\u00b2 of living space in the sought-after and peaceful community of Mertert. Built in 2015, this modern residential complex boasts a thoughtful layout and a stunning view of [&hellip;]<\/p>\n","protected":false},"author":14,"featured_media":5450,"template":"","property-type":[217],"offer-type":[132],"street":[263,264],"city":[265],"zip-code":[266],"region":[],"country":[189],"features":[],"mandate":[166],"class_list":["post-4851","estate","type-estate","status-publish","has-post-thumbnail","hentry","property-type-duplex","offer-type-sold","street-263","street-rue-basse","city-mertert","zip-code-266","country-luxembourg","mandate-exclusive"],"acf":[],"_links":{"self":[{"href":"https:\/\/immomeier.lu\/fr\/wp-json\/wp\/v2\/estate\/4851","targetHints":{"allow":["GET"]}}],"collection":[{"href":"https:\/\/immomeier.lu\/fr\/wp-json\/wp\/v2\/estate"}],"about":[{"href":"https:\/\/immomeier.lu\/fr\/wp-json\/wp\/v2\/types\/estate"}],"author":[{"embeddable":true,"href":"https:\/\/immomeier.lu\/fr\/wp-json\/wp\/v2\/users\/14"}],"wp:featuredmedia":[{"embeddable":true,"href":"https:\/\/immomeier.lu\/fr\/wp-json\/wp\/v2\/media\/5450"}],"wp:attachment":[{"href":"https:\/\/immomeier.lu\/fr\/wp-json\/wp\/v2\/media?parent=4851"}],"wp:term":[{"taxonomy":"property-type","embeddable":true,"href":"https:\/\/immomeier.lu\/fr\/wp-json\/wp\/v2\/property-type?post=4851"},{"taxonomy":"offer-type","embeddable":true,"href":"https:\/\/immomeier.lu\/fr\/wp-json\/wp\/v2\/offer-type?post=4851"},{"taxonomy":"street","embeddable":true,"href":"https:\/\/immomeier.lu\/fr\/wp-json\/wp\/v2\/street?post=4851"},{"taxonomy":"city","embeddable":true,"href":"https:\/\/immomeier.lu\/fr\/wp-json\/wp\/v2\/city?post=4851"},{"taxonomy":"zip-code","embeddable":true,"href":"https:\/\/immomeier.lu\/fr\/wp-json\/wp\/v2\/zip-code?post=4851"},{"taxonomy":"region","embeddable":true,"href":"https:\/\/immomeier.lu\/fr\/wp-json\/wp\/v2\/region?post=4851"},{"taxonomy":"country","embeddable":true,"href":"https:\/\/immomeier.lu\/fr\/wp-json\/wp\/v2\/country?post=4851"},{"taxonomy":"features","embeddable":true,"href":"https:\/\/immomeier.lu\/fr\/wp-json\/wp\/v2\/features?post=4851"},{"taxonomy":"mandate","embeddable":true,"href":"https:\/\/immomeier.lu\/fr\/wp-json\/wp\/v2\/mandate?post=4851"}],"curies":[{"name":"wp","href":"https:\/\/api.w.org\/{rel}","templated":true}]}}

Charmant appartement en duplex à Mertert

<h3 data-start="95" data-end="187"><strong data-start="95" data-end="187">Charmant appartement en duplex avec vue sur la Moselle à Mertert - Situation tranquille et confort moderne</strong></h3>
<p data-start="189" data-end="482">Nous avons le plaisir de vous proposer cette maison bien entretenue. <strong data-start="238" data-end="258">appartement en duplex</strong> avec environ <strong data-start="278" data-end="303">78 m² de surface habitable</strong> dans la communauté recherchée et paisible de <strong data-start="350" data-end="361">Mertert</strong>. Construit en 2015, ce complexe résidentiel moderne bénéficie d'un agencement bien pensé et d'une superbe vue sur la mer. <strong data-start="452" data-end="481">vue sur la Moselle</strong>.</p>
<h4 data-start="484" data-end="512"><strong data-start="488" data-end="512">Points forts de la propriété :</strong></h4>
<ul data-start="513" data-end="720">
<li data-start="513" data-end="543">
<p data-start="515" data-end="543">Environ 78 m² de surface habitable</p>
</li>
<li data-start="580" data-end="594">
<p data-start="582" data-end="594">2 chambres</p>
</li>
<li data-start="595" data-end="638">
<p data-start="597" data-end="638">Terrasse avec vue imprenable sur la Moselle</p>
</li>
<li data-start="639" data-end="665">
<p data-start="641" data-end="665"><strong data-start="641" data-end="663">Deux places de parking</strong></p>
</li>
<li data-start="666" data-end="689">
<p data-start="668" data-end="689">Excellent état</p>
</li>
<li data-start="690" data-end="720">
<p data-start="692" data-end="720">Environnement calme et verdoyant</p>
</li>
</ul>
<h4 data-start="722" data-end="737"><strong data-start="726" data-end="737">Mise en page :</strong></h4>
<p data-start="739" data-end="787"><strong data-start="739" data-end="785">Rez-de-chaussée (accès par une entrée commune) :</strong></p>
<ul data-start="788" data-end="848">
<li data-start="788" data-end="848">
<p data-start="790" data-end="848">Entrée privée avec escalier menant au premier étage</p>
</li>
</ul>
<p data-start="850" data-end="868"><strong data-start="850" data-end="866">Premier étage :</strong></p>
<ul data-start="869" data-end="934">
<li data-start="869" data-end="912">
<p data-start="871" data-end="912">Chambre principale spacieuse (environ 13 m²)</p>
</li>
<li data-start="913" data-end="934">
<p data-start="915" data-end="934">Pièce de rangement utile</p>
</li>
</ul>
<p data-start="936" data-end="955"><strong data-start="936" data-end="953">Deuxième étage :</strong></p>
<ul data-start="956" data-end="1164">
<li data-start="956" data-end="1042">
<p data-start="958" data-end="1042">Salon et salle à manger ouverts et lumineux avec cuisine équipée moderne (environ 28 m²)</p>
</li>
<li data-start="1043" data-end="1102">
<p data-start="1045" data-end="1102">L'accès à la <strong data-start="1059" data-end="1076">terrasse ensoleillée</strong> surplombant la Moselle</p>
</li>
<li data-start="1103" data-end="1130">
<p data-start="1105" data-end="1130">Chambre à coucher (environ 13 m²)</p>
</li>
<li data-start="1131" data-end="1146">
<p data-start="1133" data-end="1146">Salle de douche</p>
</li>
<li data-start="1147" data-end="1164">
<p data-start="1149" data-end="1164">Toilettes séparées</p>
</li>
</ul>
<h4 data-start="1166" data-end="1194"><strong data-start="1170" data-end="1194">Caractéristiques supplémentaires :</strong></h4>
<ul data-start="1195" data-end="1423">
<li data-start="1195" data-end="1243">
<p data-start="1197" data-end="1243"><strong data-start="1197" data-end="1219">Chauffage par le sol</strong> (chauffage central au gaz)</p>
</li>
<li data-start="1244" data-end="1276">
<p data-start="1246" data-end="1276"><strong data-start="1246" data-end="1274">Volets roulants électriques</strong></p>
</li>
<li data-start="1277" data-end="1320">
<p data-start="1279" data-end="1320"><strong data-start="1279" data-end="1294">Grenier</strong> utilisable comme espace de stockage supplémentaire</p>
</li>
<li data-start="1321" data-end="1374">
<p data-start="1323" data-end="1374">Deux <strong data-start="1327" data-end="1345">places de parking</strong> à l'arrière du complexe</p>
</li>
<li data-start="1375" data-end="1423">
<p data-start="1377" data-end="1423">Environnement résidentiel calme et bien entretenu</p>
</li>
</ul>
<h4 data-start="1425" data-end="1452"><strong data-start="1429" data-end="1452">Excellente situation :</strong></h4>
<p data-start="1453" data-end="1712">L'appartement bénéficie d'un emplacement idéal à proximité de toutes les commodités telles que les magasins, les transports publics (bus et train) et les autoroutes. Profitez de la tranquillité d'un cadre magnifique au bord de la rivière tout en étant bien desservi - parfait pour les navetteurs et les amoureux de la nature.</p>
<p data-start="1453" data-end="1712"><br data-start="1799" data-end="1802" /><strong>Ce bel appartement est prêt à devenir votre nouveau chez-vous !</strong></p>
