{"id":4302,"date":"2024-08-23T16:55:44","date_gmt":"2024-08-23T14:55:44","guid":{"rendered":"https:\/\/immoportal.lu\/?post_type=estate&#038;p=4302"},"modified":"2025-06-20T17:55:35","modified_gmt":"2025-06-20T15:55:35","slug":"maison-familiale-5-pieces-a-bettembourg","status":"publish","type":"estate","link":"https:\/\/immomeier.lu\/fr\/properties\/house\/sold\/family-house-5-rooms-in-bettembourg\/","title":{"rendered":"Maison familiale 5 pi\u00e8ces \u00e0 Bettembourg"},"content":{"rendered":"<p>Nous avons le plaisir de vous proposer cette charmante maison mitoyenne \u00e0 Bettembourg.<\/p>\n<p>La surface habitable d'environ 145m\u00b2 se compose comme suit.<br \/>\nAu rez-de-chauss\u00e9e se trouve la grande salle de s\u00e9jour lumineuse qui peut \u00eatre ouverte par les doubles portes (environ 34m\u00b2) et qui est reli\u00e9e \u00e0 la salle \u00e0 manger. A c\u00f4t\u00e9 du salon se trouve la cuisine spacieuse de +\/- 15m\u00b2 avec tous les appareils \u00e9lectrom\u00e9nagers n\u00e9cessaires et un acc\u00e8s direct au balcon et au jardin.<br \/>\nIl y a \u00e9galement un WC s\u00e9par\u00e9 dans l'entr\u00e9e.<\/p>\n<p>Au 1er \u00e9tage il y a 3 chambres (approx. 17m\u00b2 \/18m\u00b2 \/15m\u00b2) toutes avec des sols en bois et une salle de bain avec douche.<\/p>\n<p>Au 2\u00e8me \u00e9tage se trouve une autre chambre de +\/- 14m\u00b2, ainsi que le grenier am\u00e9nag\u00e9 de +\/- 30m\u00b2, qui peut \u00eatre utilis\u00e9 comme chambre suppl\u00e9mentaire ou salle de jeux.<\/p>\n<p>Le sous-sol spacieux offre de nombreux rangements, une buanderie ainsi qu'un local technique et 1 garage. Un nouveau syst\u00e8me de chauffage a \u00e9t\u00e9 install\u00e9 en 2021.<\/p>\n<p>&nbsp;<\/p>\n<h3>Visite virtuelle<\/h3>\n<p><script src=\"https:\/\/teliportme.com\/js\/embed.js\" data-teliportme=\"https:\/\/teliportme.com\/embed\/tour\/ec6a87c6\" data-height=\"360\" data-width=\"640\"><\/script><\/p>","protected":false},"excerpt":{"rendered":"<p>We have the pleasure to offer you this charming semi-detached house in Bettembourg. The approx. 145m\u00b2 living space is composed as follows. On the ground floor is the large, bright living area which can be opened up through the double doors (approx. 34m\u00b2) and is connected to the dining room. Next to the living area [&hellip;]<\/p>\n","protected":false},"author":17,"featured_media":4306,"template":"","property-type":[4],"offer-type":[132],"street":[],"city":[204],"zip-code":[],"region":[153],"country":[189],"features":[206,205],"mandate":[166],"class_list":["post-4302","estate","type-estate","status-publish","has-post-thumbnail","hentry","property-type-house","offer-type-sold","city-bettembourg","region-south","country-luxembourg","features-gare","features-train-station","mandate-exclusive"],"acf":[],"_links":{"self":[{"href":"https:\/\/immomeier.lu\/fr\/wp-json\/wp\/v2\/estate\/4302","targetHints":{"allow":["GET"]}}],"collection":[{"href":"https:\/\/immomeier.lu\/fr\/wp-json\/wp\/v2\/estate"}],"about":[{"href":"https:\/\/immomeier.lu\/fr\/wp-json\/wp\/v2\/types\/estate"}],"author":[{"embeddable":true,"href":"https:\/\/immomeier.lu\/fr\/wp-json\/wp\/v2\/users\/17"}],"wp:featuredmedia":[{"embeddable":true,"href":"https:\/\/immomeier.lu\/fr\/wp-json\/wp\/v2\/media\/4306"}],"wp:attachment":[{"href":"https:\/\/immomeier.lu\/fr\/wp-json\/wp\/v2\/media?parent=4302"}],"wp:term":[{"taxonomy":"property-type","embeddable":true,"href":"https:\/\/immomeier.lu\/fr\/wp-json\/wp\/v2\/property-type?post=4302"},{"taxonomy":"offer-type","embeddable":true,"href":"https:\/\/immomeier.lu\/fr\/wp-json\/wp\/v2\/offer-type?post=4302"},{"taxonomy":"street","embeddable":true,"href":"https:\/\/immomeier.lu\/fr\/wp-json\/wp\/v2\/street?post=4302"},{"taxonomy":"city","embeddable":true,"href":"https:\/\/immomeier.lu\/fr\/wp-json\/wp\/v2\/city?post=4302"},{"taxonomy":"zip-code","embeddable":true,"href":"https:\/\/immomeier.lu\/fr\/wp-json\/wp\/v2\/zip-code?post=4302"},{"taxonomy":"region","embeddable":true,"href":"https:\/\/immomeier.lu\/fr\/wp-json\/wp\/v2\/region?post=4302"},{"taxonomy":"country","embeddable":true,"href":"https:\/\/immomeier.lu\/fr\/wp-json\/wp\/v2\/country?post=4302"},{"taxonomy":"features","embeddable":true,"href":"https:\/\/immomeier.lu\/fr\/wp-json\/wp\/v2\/features?post=4302"},{"taxonomy":"mandate","embeddable":true,"href":"https:\/\/immomeier.lu\/fr\/wp-json\/wp\/v2\/mandate?post=4302"}],"curies":[{"name":"wp","href":"https:\/\/api.w.org\/{rel}","templated":true}]}}

Maison familiale 5 pièces à Bettembourg

<p>Nous avons le plaisir de vous proposer cette charmante maison mitoyenne à Bettembourg.</p>
<p>La surface habitable d'environ 145m² se compose comme suit.<br />
Au rez-de-chaussée se trouve la grande salle de séjour lumineuse qui peut être ouverte par les doubles portes (environ 34m²) et qui est reliée à la salle à manger. A côté du salon se trouve la cuisine spacieuse de +/- 15m² avec tous les appareils électroménagers nécessaires et un accès direct au balcon et au jardin.<br />
Il y a également un WC séparé dans l'entrée.</p>
<p>Au 1er étage il y a 3 chambres (approx. 17m² /18m² /15m²) toutes avec des sols en bois et une salle de bain avec douche.</p>
<p>Au 2ème étage se trouve une autre chambre de +/- 14m², ainsi que le grenier aménagé de +/- 30m², qui peut être utilisé comme chambre supplémentaire ou salle de jeux.</p>
<p>Le sous-sol spacieux offre de nombreux rangements, une buanderie ainsi qu'un local technique et 1 garage. Un nouveau système de chauffage a été installé en 2021.</p>
<p>&nbsp;</p>
<h3>Visite virtuelle</h3>
<p><script src="https://teliportme.com/js/embed.js" data-teliportme="https://teliportme.com/embed/tour/ec6a87c6" data-height="360" data-width="640"></script></p>
